t the prime factors of d.
3, 47
Let b = -4 - -7. Let j(k) = -5*k**2 + 77*k - 156. Let d be j(13). Suppose b*f - 2 + 14 = d, -3*f = 5*x - 143. List the prime factors of x.
31
Let t be 13/(13/(-72)) - (4 - 0). Let z = t + 478. Suppose -5*x + 4*l = -1005, 2*x + 2*l - z = -l. What are the prime factors of x?
3, 67
Let y = 55762 + -22534. List the prime factors of y.
2, 3, 13, 71
Let t = -823 - -828. Suppose m = 5*q + 775, 3815 = t*m - 7*q + 12*q. What are the prime factors of m?
3, 5, 17
Let z = -15126 - -21343. List the prime factors of z.
6217
Suppose -4*n = -2*j + 22526, 323*n + 15 = 320*n. List the prime factors of j.
3, 11, 31
Let f(u) = u**2 - 6*u - 10. Let k(y) = -y**2 - 13*y - 14. Let q be k(-12). Let h be f(q). Suppose -c = h - 239. List the prime factors of c.
233
List the prime factors of (-274)/1370 + (-137952)/(-10).
5, 31, 89
List the prime factors of 7229 - (2/(-1) + 1/((-9)/(-72))).
31, 233
What are the prime factors of (-2644620)/(-264)*(-28)/(-5)?
2, 7, 4007
What are the prime factors of (-6)/(-36) + (4 - (-404181)/54)?
7489
Suppose -4*d + 5264 = 10*d. Suppose -5*o = w - d - 458, -3*w + 2462 = 5*o. Suppose 5*q - w = 2*c, 2*q + 2*c = 6*q - 650. List the prime factors of q.
2, 41
Suppose 0 = h + 3, -o - 5*h = 2*o + 15. Let p(w) = 5*w**2 + 4*w + o + 2 - 6. What are the prime factors of p(-3)?
29
Suppose -3*m - 374 = -m. Let h(f) = -f**3 + 6*f**2 + 2*f + 10. Let w be h(6). List the prime factors of 34/m + (8896/w)/2.
2, 101
Let t(i) = i**3 - 24*i**2 - 31*i + 158. Let p be t(25). Let z(h) = 22*h**2 - 12*h - 9. List the prime factors of z(p).
1303
Suppose -73*l = -79*l + 20040. List the prime factors of l.
2, 5, 167
Suppose 3*r - 33486 = -5*c, 2*c + 5066 = r - 6107. What are the prime factors of r?
13, 859
Let b = 4707 + 4419. List the prime factors of b.
2, 3, 13
Suppose 1379239 + 2219243 - 417468 = 158*q. List the prime factors of q.
3, 2237
Suppose 1927 = 2*n + 5*r, 87*n + 4*r = 82*n + 4775. What are the prime factors of n?
3, 317
Suppose 4*a - 16 = -0*a. Let i be (a/(16/(-194)))/((-1)/2). Let y = i - -18. What are the prime factors of y?
5, 23
Suppose -7 = -2*t - j, 5*t - 6 = 4*j + 18. Suppose -w - 2384 = -3*i - 2*i, t*i - 1900 = -w. What are the prime factors of i?
2, 7, 17
Let i = 23 - 17. Let l(v) = -i*v - 10 + 1 - 19. List the prime factors of l(-13).
2, 5
Let k(h) = 133*h**2 - 52*h + 34. Let p(f) = -89*f**2 + 34*f - 23. Let m(y) = -5*k(y) - 8*p(y). What are the prime factors of m(4)?
2, 359
Let p(t) = -t**3 - 17*t**2 - 22*t - 47. Let q be p(-14). Let n = q - -765. List the prime factors of n.
2, 3, 73
Let v = 6406 - -19132. What are the prime factors of v?
2, 113
Suppose 5156444 = 338*y + 58*y - 2613868. What are the prime factors of y?
2, 9811
Let f = 118 - -846. Let r = f - 72. What are the prime factors of r?
2, 223
Let b(f) = -4*f**3 - f**2 + 6*f + 5. Let c be b(-3). Let r be 12*1*(-9)/(-18). List the prime factors of (5 + -2)/(r/c).
43
Suppose -8*z + 144511 = 19*z - 577010. What are the prime factors of z?
26723
Suppose -3*o - 11727 = -3*a, 0 = a - 14*o + 15*o - 3903. What are the prime factors of a?
2, 3, 7, 31
Let p(n) be the first derivative of n**3/3 - n**2/2 - 60*n + 43. Let x be p(-7). List the prime factors of ((-30)/x)/((-21)/6 - -4).
3, 5
Let g = -13 - -14. Suppose -4*r + 13 = g. Suppose -d - 4*v + 408 = 3*d, 0 = v - r. List the prime factors of d.
3, 11
Suppose 28676 = 2*c - 3*r, -100*c - 14338 = -101*c - 2*r. List the prime factors of c.
2, 67, 107
What are the prime factors of 1028/771 + (16319/3)/1?
5441
Let c = -449 - -485. Let g be (-6)/(-15) + 172/(-5). What are the prime factors of 1/(1 + g/c)?
2, 3
Let n = -60 + 66. Let b be ((-5)/n - -1) + 29/6. Suppose -4 = -b*q + 256. List the prime factors of q.
2, 13
Let j be (-2)/5 - 77/(-55). Let r(l) = 3*l**2 - 5*l + 16. Let i(d) = -d**2 + d + 1. Let z(m) = j*r(m) + 2*i(m). What are the prime factors of z(-7)?
2, 11
Suppose 86576 = -37*h + 51*h. List the prime factors of h.
2, 773
Let y be (3 + 2 - 2) + 6. Let u be (-1)/((-3)/(y/(-3))). List the prime factors of 2*u/4*-8.
2
Let k(d) be the third derivative of 3*d**4/8 + 181*d**3/3 + 5*d**2 + 8. List the prime factors of k(-22).
2, 41
Suppose 165 - 5 = 32*i. Suppose 2*q - 1712 = -2*u, -4*u + 3692 = i*q + 265. What are the prime factors of u?
853
Let a = 1177 - 311. List the prime factors of a.
2, 433
Let u(x) = 51*x**2 + 8. Let t(s) = 4*s**3 - s**2 - 3*s - 1. Let w be t(-1). What are the prime factors of u(w)?
467
Let m(j) = -9*j + 3. Let b(n) = n**2 - 7*n - 10. Let a be b(8). Let w be m(a). Let t = 23 - w. What are the prime factors of t?
2
Suppose -3*h = -4*s + 10683, 4*h - 3148 = 3*s - 11169. List the prime factors of s.
3, 7, 127
Let v = -100 - -92. Let y = v - -11. Suppose -q = q + y*u - 36, -4*q = -2*u - 56. List the prime factors of q.
3, 5
Let r be 1/(-6)*-458 - 6/(-9). Let l = -62 + r. Suppose 5*d - l = 0, -4*d + 138 = -5*h + 376. List the prime factors of h.
2, 5
Let k(s) = s**3 + 24*s**2 + 50*s - 87. Let f be k(-23). Let m = 2081 + f. List the prime factors of m.
1373
Let d = -284 - -229. Let p = 14 - 46. Let i = p - d. What are the prime factors of i?
23
Suppose w = -2*s - 3*s + 7493, -3*s - 7477 = -w. Suppose 9*v - 1985 = w. What are the prime factors of v?
2, 263
Let w(z) = 4*z - 12*z**2 + 4*z - 2*z**3 + 4*z - 15*z - 6. Let p be w(-8). Suppose -p - 164 = -3*n. List the prime factors of n.
2, 73
Let q(f) = -2*f - 14. Let o be q(-7). Suppose g + 4*g = -5*p + 20, o = g. What are the prime factors of (36/21)/(p/(-210)*-5)?
2, 3
Let s be -5 + (-6)/12*-14. Suppose -s*m - 8*m = -6800. List the prime factors of m.
2, 5, 17
Suppose 3*n - 2*h + 7267 - 127363 = 0, -5*n - 5*h + 200135 = 0. List the prime factors of n.
2, 5, 4003
Let f(d) = d + 1. Let g(c) = -4*c - 12. Let v(j) = 3*f(j) + g(j). Let i be v(-6). What are the prime factors of (-97)/i*(-3)/(-1)?
97
Suppose 0 = 6*q - 37704 - 16105 - 16547. List the prime factors of q.
2, 11, 13, 41
Suppose h + 6 - 2 = 4*q, 2*h - 57 = -5*q. Suppose 0 = h*a - 13*a + 6. What are the prime factors of ((-6)/(-5))/(663/330 + a)?
2, 3, 11
Suppose -26*a + 43*a - 286552 = 580414. List the prime factors of a.
2, 43, 593
Suppose -2*s = -266 + 246. What are the prime factors of (9926/35)/(s/25)?
709
Let t(f) = -912*f**3 - 2*f**2 + 33*f + 74. List the prime factors of t(-2).
2, 3, 19
Let h = -7189 + 13391. What are the prime factors of h?
2, 7, 443
Let v be (-6)/12 + 1 + 3172/(-8). Let b = 32 - v. List the prime factors of b.
2, 107
Let v(t) = 24*t**2 + 5*t - 2. Let s be 4/(-30)*3 + (-222)/(-5). Let f = s + -42. List the prime factors of v(f).
2, 13
List the prime factors of (-33 - -32) + (-17901)/(0 + -3).
2, 19, 157
Suppose -2*j + 2137 = -h, 3*j + 1176 + 3070 = -2*h. Let s = -1121 - h. What are the prime factors of s?
2, 3, 7
Let h(j) = -50*j - 30. Let t(l) = -4*l**2 + 2*l + 1. Let f be t(-1). Let n be h(f). Suppose -4*q + 100 + n = 0. List the prime factors of q.
2, 5
Let r(q) = -5*q**3 - 6*q**2 - 5*q - 14. Let m be r(-9). Suppose g = 6*g - m. List the prime factors of g.
2, 11, 29
Suppose -9*v - 182 + 578 = 0. Suppose 4*c + 3768 = 5*x, -39*c = 3*x - v*c - 2266. List the prime factors of x.
2, 47
Let c(n) = -130*n**3 - 26*n**2 - 2*n - 4. List the prime factors of c(-7).
2, 3, 29, 83
Let g = -14228 + 25975. List the prime factors of g.
17, 691
Suppose 5*q + 76 + 679 = 0. Let y = -53 - q. Suppose -3*m + 2*m = -y. List the prime factors of m.
2, 7
List the prime factors of (-16703)/(-1) - (-1)/(12/(-24))*1.
3, 19, 293
Let t be 812/6*(-90)/(-20). Suppose -5*u = -v + t, -3*v + v + 1239 = -3*u. What are the prime factors of v?
2, 3, 13
Let r(v) = v**3 - 1. Let i be r(1). Suppose 4*c - 2*c - 76 = i. Suppose c - 138 = -2*y. What are the prime factors of y?
2, 5
Let q = 61 + -56. Suppose 4*c - 3 - 5 = 5*j, 3*c + q*j = 6. Suppose -c*z + 211 = 3*k, 0*z + 2 = z. What are the prime factors of k?
3, 23
Let u(q) be the third derivative of q**5/30 - 7*q**4/12 - 73*q**3/6 - 65*q**2. What are the prime factors of u(-15)?
587
Let t(z) = 13*z - 44*z - 8 + 39. List the prime factors of t(-6).
7, 31
Let m(d) = d**2 - 2*d + 11. Let p(b) = b**2 + 15*b + 28. Let u be p(-14). Let c be ((-18)/4)/(-3 + u/4). What are the prime factors of m(c)?
2, 5, 11
Let k(u) = 6*u**2 - 7*u - 5. Let x be k(2). List